2 - 3. Let t(z) = -5*z**2 + z - 4. Let c(r) = -6*o(r) + 5*t(r). Let y(v) = -v - 10. Let n be y(-12). Calculate c(n).
4
Let m be 0 + 5/(-6) + 1. Let b(u) be the second derivative of u**2 + u + 0 + m*u**3. What is b(4)?
6
Let a(q) be the third derivative of 1/120*q**6 + 0*q + 2/3*q**3 + q**2 - 1/24*q**4 - 1/20*q**5 + 0. What is a(3)?
1
Let c be (-4)/16*-3*4. Let r be (3/6)/(2/12). Let h(d) = -d**3 + 7*d**2 - 3 + 0*d + r*d - 4*d**2. Give h(c).
6
Suppose 2*w + 3*p = -5, -4*w + 2*p - p = 3. Let d(q) = -1. Let v(g) = 2*g + 4 - 3*g + 0*g. Let r(l) = w*v(l) + 2*d(l). Calculate r(3).
-3
Suppose -5*b = -0*b. Let h(c) = -c - 2. Determine h(b).
-2
Let h(q) = q**2 + 3*q + 2. Suppose -3*i + 2*a - 20 = 0, i + 4*a = 3*i + 24. Let x be (1 - 0)/((-2)/4). Let d = i - x. Determine h(d).
0
Let d(i) = -i - 1. Let r(q) = -q. Let s(a) = 2*d(a) - 4*r(a). Let u be s(-2). Let p(g) = g**3 + 5*g**2 - 6*g - 5. Determine p(u).
-5
Let h(b) be the first derivative of 3*b**2/2 - 4*b + 1. Give h(5).
11
Let b(c) = -c**2 + 6*c + 2. Let s = 33 + -26. Determine b(s).
-5
Suppose 2*s + 2*r = 2, 19 = -5*s + 3*r - 8. Let m(h) = -h**3 - 4*h**2 - 3*h. What is m(s)?
0
Suppose 4*s - s = 9. Let y(h) = 4*h**3 - 9*h**2 + 2*h + 3. Let c(p) = -5*p**3 + 10*p**2 - p - 2. Let f(i) = s*c(i) + 4*y(i). What is f(5)?
6
Let q(i) = -5*i**2 - 2*i + 4. Let d(h) = 14*h**2 + 5*h - 11. Let c(j) = 6*d(j) + 17*q(j). Let p be c(-4). Let z(s) = 2*s + s**2 + 3*s + 3 - p. Calculate z(-4).
-3
Suppose 20*a + 28 + 52 = 0. Let m(o) = -2*o - 2. Determine m(a).
6
Let m(k) be the second derivative of -2*k**4/3 - k**3/6 + k**2/2 - 2*k. Let c(f) = -2*f - 5. Let s be c(-5). Suppose -z + s = 4*z. Give m(z).
-8
Let x(d) = -2*d**2 + 2*d + 1. Suppose -5 = -4*q + 3. What is x(q)?
-3
Let i(v) = v**2 - v + 11. Let u be ((-2)/(-2))/(1/2). Suppose 0 = -u*s + s. Calculate i(s).
11
Let o(q) = -q + 7. Suppose -5*z - 3*n = -41, 0 = -4*z + 12*n - 15*n + 34. Calculate o(z).
0
Let u be 12 + 0/(-3 - -2). Let a(w) = -u*w + w + 9*w + 2. What is a(3)?
-4
Let g(n) = 3*n + 1. Let c be 1 - 1*(2 + 1). Let j = c + 2. Suppose -5*k + 10 = -j*k. Calculate g(k).
7
Suppose 0 = 4*n - 3*n - c + 5, -16 = 3*n - 2*c. Let a(i) = -i - 1. What is a(n)?
5
Let p(v) = v**3 - 6*v**2 + 3*v - 3. Suppose -k - k + 8 = d, -24 = -2*k + 3*d. Calculate p(k).
15
Let m(h) = -h**3 - h**2 + h - 18. Suppose 6*g + 1 - 1 = 0. What is m(g)?
-18
Let x(l) = 4*l**2 - 2*l - 4 + l**3 - 2*l**3 + 6 - 3. Determine x(3).
2
Let h(q) = q + 5. Let u be h(6). Let y = u + -13. Let z(l) = 2*l**3 + 3*l**2 - l - 2. Give z(y).
-4
Let v(o) = 22*o**2 + 17*o**2 - 3 - 33*o**2 + 5*o + o**3. Calculate v(-4).
9
Suppose -3*h + 8 = -2*l, 0 = -5*h + 4*l - 2*l + 12. Suppose -h*d = -d. Let j(n) be the third derivative of n**5/60 + n**4/24 + n**3/2 - 2*n**2. What is j(d)?
3
Let j(f) = 2*f - 1. Let w be j(2). Suppose -2*x + 3 + 1 = 0. Let o(d) = -d**2 + 0*d**2 + x*d + 7 - 4. Determine o(w).
0
Let g(b) = -3 - 3 + 5*b + 0*b**2 + 0*b**2 - b**2. Calculate g(5).
-6
Let u(i) = -i**2 - i + 5. Let l(q) = 5*q**2 + 4*q - 23. Let d(g) = 4*l(g) + 18*u(g). Suppose 3*f = 5*o - 2*o + 3, 0 = -5*o + 3*f + 1. Give d(o).
2
Let d(a) = a**2 + 282 - 280 + 8*a + 0*a. Give d(-7).
-5
Suppose -n - 5*q = n, -16 = -4*n - 2*q. Let y(a) be the second derivative of -a**5/20 + a**4/2 - 5*a**3/6 + 5*a**2/2 + 11*a. Give y(n).
5
Let b = -39 + 79/2. Let q(a) be the first derivative of 7*a + 1 - b*a**2. Calculate q(0).
7
Let y(b) = 5*b - 6 + 13 - 3*b. Let w(h) = h**3 - 6*h**2 + 6*h - 11. Let d be w(5). Determine y(d).
-5
Let q(o) = o**3 + 6. Let t(y) = 3 - 1 - 2 + y**2 - y. Let s be t(0). Let w be q(s). Let f(g) = g**2 - 6*g - 2. Calculate f(w).
-2
Let u(h) be the first derivative of h**4/4 - 4*h**3/3 - h**2/2 + 2*h - 2. Calculate u(3).
-10
Let g(l) be the first derivative of -l**3/3 - 7*l**2/2 + 11*l - 2. Let d be g(-8). Let z(k) = k**3 - k**2 - 3*k - 4. Give z(d).
5
Suppose -3*v + 22 = 7. Suppose -v*h - 5 = 10. Let y be (2/(-6))/(h/(-9)). Let p(b) = -b**2 - b - 1. Calculate p(y).
-1
Let v(t) = -13*t**3 - 2*t**2 - 2*t - 4. Let o(d) = -d**3 - d**2 - d - 1. Let p(b) = 3*o(b) - v(b). Calculate p(1).
9
Let y(r) = -r**3 + 4*r**2 + 2*r - 4. Suppose -6*j = -7*j + 4. Determine y(j).
4
Suppose -4*x + 3 = -9. Suppose s - 2*s = -2. Let g(t) = -t**x - t - t**2 + t**s + 2. What is g(0)?
2
Let k = -6 - -11. Let o be 2/(-3 + k + -4). Let f(h) = 10*h**2 - 1. Determine f(o).
9
Let o = 7 + -5. Let p(x) = -x**2 + x + 1. Determine p(o).
-1
Suppose 4*r = 4*d - 4, -5*r = 3*d - 2*r - 15. Let w(s) = s**3 + d*s**2 - 6*s**2 + 0*s**3 + 3*s - 1. Determine w(3).
8
Suppose 2*r = 8 - 0. Suppose -6 = 2*x - r*x. Let a(f) = -6*f + 4*f - 1 + 3*f. Calculate a(x).
2
Let n(o) be the third derivative of 12*o**2 + 5/6*o**3 + 5/24*o**4 + 0 + 1/60*o**5 + 0*o. Suppose 0 = -2*v - 5 - 5. Calculate n(v).
5
Let n(q) = -q**2 - 10*q - 6. Let f be n(-9). Let u(m) = -2*m**2 + 3*m + 4. Calculate u(f).
-5
Let o(u) be the second derivative of u**3/6 - 5*u**2/2 + u. Let n be 1 - (-7 + 3)/(-4). Determine o(n).
-5
Let j(y) be the first derivative of -1/6*y**3 + 3 - 1/24*y**4 - 1/2*y**2 + 0*y. Let a(n) be the second derivative of j(n). Determine a(2).
-3
Suppose 4*k = -16 + 4. Let g = -4 - k. Let d(i) = 4*i - 1. Calculate d(g).
-5
Let c(i) = i**3 - 7*i**2 - 7*i - 2. Let r(h) = -6*h**3 + 36*h**2 + 36*h + 10. Let j(l) = 11*c(l) + 2*r(l). Determine j(-3).
-5
Let f be (-1)/((-3)/(-2) - 1). Let j be f/4 - 14/(-4). Let g(i) = -i + j - 2*i**2 - 2 + 4*i**2 - 2. Give g(-1).
2
Let x = -1 + 2. Let m(a) be the second derivative of -2*a**5/5 + a**4/12 - a**3/6 + 6*a. Give m(x).
-8
Suppose 2*n + 4*g = n + 11, 15 = 3*n + 3*g. Let b(o) = o - 1. Let s(w) = -w + 4. Let y(a) = 3*b(a) + s(a). Give y(n).
7
Let v(r) = 2*r**2 - 6*r + 3. Let k(z) = -5*z**2 + 18*z - 8. Let m(b) = -3*k(b) - 8*v(b). Calculate m(-5).
5
Let o(h) be the third derivative of h**4/24 + 5*h**3/6 - 9*h**2. Give o(-6).
-1
Suppose -5 = j - 5*f + 2, -6 = 2*j - 2*f. Let q(l) = -l**3 - 2*l**2 - 2*l - 1. Give q(j).
3
Let c(k) be the third derivative of -k**2 - 1/12*k**4 + 0*k - 1/3*k**3 + 0. Determine c(2).
-6
Suppose -2*w + w = 3*g + 9, -3*w + 15 = -5*g. Suppose -2*p + w*c + 8 = 2*c, -5*c = -3*p + 4. Let s(r) = -2*r + 1. Determine s(p).
-5
Let a(z) be the first derivative of 4/3*z**3 - 1/2*z**2 - 2 + 1/4*z**4 - 4*z. What is a(-4)?
0
Let a(u) = u + 11. Let w be a(-10). Let n(p) be the first derivative of -7*p**2/2 + p + 3. Calculate n(w).
-6
Let i(k) be the second derivative of -k**3/6 + 2*k**2 + 5*k. Suppose -7 = -3*m + 11. Give i(m).
-2
Let r(y) be the first derivative of y**6/120 - y**5/30 + y**4/24 - y**3/3 - y**2 + 2. Let k(o) be the second derivative of r(o). Determine k(2).
0
Let z(g) = 0*g**2 - 3 - 2 + 8 + g**2. What is z(0)?
3
Let l(r) be the third derivative of 0 + 0*r**4 + 1/30*r**6 + 2*r**2 + 0*r**3 + 0*r + 1/60*r**5. What is l(-1)?
-3
Let h(y) be the third derivative of 0*y**4 + 9*y**2 + 1/60*y**6 + 0*y + 0 + 1/20*y**5 - 1/6*y**3. Give h(-2).
-5
Let b(r) = r**2 - 4*r + 2. Let f be b(4). Let i(h) = -3*h. Give i(f).
-6
Let m(t) = -3*t**2 + t + 4. Let o(s) be the first derivative of -8*s**3/3 + 2*s**2 + 11*s + 1. Let b(w) = -11*m(w) + 4*o(w). Determine b(-4).
-4
Let z(j) = -2*j - 17. Let n be z(-8). Let m(y) = 7*y**2 - 2*y - 1. What is m(n)?
8
Let a(u) = -5*u + 23. Let d(t) = 3*t - 15. Let k(g) = -5*a(g) - 8*d(g). Calculate k(0).
5
Let g(t) = -t + 1. Let f be g(-4). Suppose 5*n - 3*d + 4 = -5*d, 5*d = f*n - 10. Let o(q) = q + 6. What is o(n)?
6
Let c(z) be the second derivative of -z**4/6 + z**3/2 - z**2/2 + 43*z. Give c(-3).
-28
Let t = -36 + 54. Let j be (3 - 4) + (-10)/(-2). Suppose 2*h + 2*k = h - 8, j*h + t = -k. Let x(f) = f**3 + 4*f**2 - f - 3. Determine x(h).
1
Let u(h) be the first derivative of -h**4/4 - 5*h**3/3 + 5*h - 3. Give u(-5).
5
Let l(j) be the first derivative of -j**2/2 + 3*j - 6. Determine l(2).
1
Let c = 1 - 6. Let g(q) be the second derivative of 0 - 5/6*q**3 + 2*q - 1/20*q**5 - 1/2*q**4 + 5/2*q**2. What is g(c)?
5
Let p(r) = 2*r**2 - 3 + 3*r**2 + 2*r**2 + r**3 + 5*r. Let v(o) = -2*o + 2. Let i be v(4). What is p(i)?
3
Let k(u) = 6*u**2 - 2*u - 1. Let l be k(1). Let p(a) = -a**3 + a**2 + 2*a + 4. Give p(l).
-8
Let r(o) be the first derivative of -3*o**2/2 + 4*o + 5. Give r(4).
-8
Let v(w) = -w - 4. Suppose 3*c + 21 = 4*q, 